8983?
5
What is the thousands digit of 2632995?
2
What is the thousands digit of 226025?
6
What is the hundred thousands digit of 374313?
3
What is the ten thousands digit of 87242?
8
What is the hundreds digit of 97036?
0
What is the thousands digit of 203740?
3
What is the hundreds digit of 123472?
4
What is the units digit of 783737?
7
What is the tens digit of 16716753?
5
What is the hundred thousands digit of 6513735?
5
What is the millions digit of 10990083?
0
What is the hundred thousands digit of 658788?
6
What is the tens digit of 8086450?
5
What is the hundreds digit of 838592?
5
What is the hundreds digit of 8549741?
7
What is the units digit of 19310104?
4
What is the hundred thousands digit of 195550?
1
What is the units digit of 514590?
0
What is the thousands digit of 567494?
7
What is the hundred thousands digit of 9705008?
7
What is the ten thousands digit of 3170053?
7
What is the hundreds digit of 180967?
9
What is the tens digit of 150010?
1
What is the ten thousands digit of 3935942?
3
What is the ten thousands digit of 38224798?
2
What is the hundreds digit of 6263824?
8
What is the ten thousands digit of 37835?
3
What is the ten thousands digit of 665511?
6
What is the tens digit of 5291694?
9
What is the units digit of 140384?
4
What is the millions digit of 23144404?
3
What is the hundred thousands digit of 11669186?
6
What is the hundreds digit of 606589?
5
What is the hundreds digit of 21560539?
5
What is the units digit of 273553?
3
What is the ten thousands digit of 256046?
5
What is the hundreds digit of 701091?
0
What is the hundred thousands digit of 15392186?
3
What is the hundred thousands digit of 635965?
6
What is the ten thousands digit of 71057?
7
What is the tens digit of 1286894?
9
What is the units digit of 17229649?
9
What is the hundred thousands digit of 1432365?
4
What is the hundred thousands digit of 672370?
6
What is the hundred thousands digit of 217838?
2
What is the thousands digit of 95742?
5
What is the ten thousands digit of 135002?
3
What is the hundreds digit of 314395?
3
What is the ten thousands digit of 3350815?
5
What is the millions digit of 4768058?
4
What is the hundreds digit of 2616545?
5
What is the hundred thousands digit of 818378?
8
What is the units digit of 283458?
8
What is the hundred thousands digit of 2153557?
1
What is the thousands digit of 6720048?
0
What is the hundred thousands digit of 103191?
1
What is the tens digit of 260676?
7
What is the hundreds digit of 2379287?
2
What is the hundred thousands digit of 419715?
4
What is the millions digit of 8383493?
8
What is the thousands digit of 1196145?
6
What is the ten thousands digit of 25245828?
4
What is the units digit of 9416056?
6
What is the thousands digit of 149803?
9
What is the ten thousands digit of 2918070?
1
What is the hundred thousands digit of 255032?
2
What is the hundreds digit of 7248153?
1
What is the thousands digit of 45774?
5
What is the hundreds digit of 245519?
5
What is the units digit of 843790?
0
What is the hundreds digit of 246354?
3
What is the hundred thousands digit of 366959?
3
What is the units digit of 497831?
1
What is the thousands digit of 127983?
7
What is the ten thousands digit of 13001937?
0
What is the millions digit of 5300449?
5
What is the millions digit of 6082687?
6
What is the thousands digit of 1003363?
3
What is the hundred thousands digit of 3341604?
3
What is the units digit of 5457402?
2
What is the hundred thousands digit of 119785?
1
What is the ten thousands digit of 873900?
7
What is the thousands digit of 37819836?
9
What is the ten thousands digit of 1087654?
8
What is the thousands digit of 1420808?
0
What is the units digit of 1296222?
2
What is the thousands digit of 621634?
1
What is the thousands digit of 4384440?
4
What is the thousands digit of 680103?
0
What is the thousands digit of 120338?
0
What is the tens digit of 9012900?
0
What is the millions digit of 2323537?
2
What is the thousands digit of 558111?
8
What is the hundred thousands digit of 2249807?
2
What is the millions digit of 2035562?
2
What is the hundred thousands digit of 290659?
2
What is the units digit of 2008634?
4
What is the hundreds digit of 12513677?
6
What is the thousands digit of 1561247?
1
What is the tens digit of 146210?
1
What is the tens digit of 923666?
6
What is the millions digit of 7723018?
7
What is the tens digit of 7399067?
6
What is the ten thousands digit of 4683854?
8
What is the ten thousands digit of 938279?
3
What is the hundred thousands digit of 2818788?
8
What is the ten thousands digit of 5423856?
2
What is the units digit of 185343?
3
What is the hundreds digit of 380670?
6
What is the tens digit of 923637?
3
What is the tens digit of 8063320?
2
What is the hundreds digit of 188493?
4
What is the units digit of 671884?
4
What is the hundreds digit of 41878124?
1
What is the hundreds digit of 9234155?
1
What is the hundred thousands digit of 673798?
6
What is the millions digit of 1937408?
1
What is the units digit of 221149?
9
What is the hundreds digit of 1334249?
2
What is the units digit of 994040?
0
What is the hundreds digit of 11736881?
8
What is the units digit of 16230914?
4
What is the hundreds digit of 2207011?
0
What is the units digit of 180564?
4
What is the ten thousands digit of 556429?
5
What is the ten thousands digit of 476429?
7
What is the units digit of 18902253?
3
What is the hundred thousands digit of 222218?
2
What is the units digit of 29012643?
3
What is the hundreds digit of 543039?
0
What is the thousands digit of 700168?
0
What is the tens digit of 7668386?
8
What is the millions digit of 8172968?
8
What is the ten thousands digit of 9714339?
1
What is the tens digit of 3223687?
8
What is the millions digit of 6963349?
6
What is the tens digit of 90029?
2
What is the tens digit of 8027867?
6
What is the millions digit of 28610557?
8
What is the tens digit of 54948?
4
What is the thousands digit of 251213?
1
What is the thousands digit of 1757986?
7
What is the ten thousands digit of 1075496?
7
What is the units digit of 400017?
7
What is the units digit of 413486?
6
What is the tens digit of 139408?
0
What is the hundreds digit of 5778140?
1
What is the units digit of 211020?
0
What is the hundreds digit of 7654581?
5
What is the tens digit of 63962?
6
What is the millions digit of 2486029?
2
What is the tens digit of 76796?
9
What is the thousands digit of 7047159?
7
What is the units digit of 191210?
0
What is the thousands digit of 284474?
4
What is the units digit of 248100?
0
What is the thousands digit of 3717167?
7
What is the hundreds digit of 1983136?
1
What is the units digit of 74788?
8
What is the millions digit of 6742675?
6
What is the ten millions digit of 12392695?
1
What is the tens digit of 746404?
0
What is the ten thousands digit of 3189859?
8
What is the thousands digit of 165685?
5
What is the hundreds digit of 13376515?
5
What is the thousands digit of 43218?
3
What is the thousands digit of 53078?
3
What is the ten thousands digit of 7970400?
7
What is the thousands digit of 20503296?
3
What is the thousands digit of 3093243?
3
What is the tens digit of 80246?
4
What is the tens digit of 34690?
9
What is the thousands digit of 11412095?
2
What is the thousands digit of 320582?
0
What is the hundreds digit of 62104?
1
What is the millions digit of 1245563?
1
What is the tens digit of 1202787?
8
What is the hundreds digit of 539103?
1
What is the tens digit of 416239?
3
What is the ten thousands digit of 1980469?
8
What is the tens digit of 873242?
4
What is the thousands digit of 190548?
0
What is the tens digit of 449964?
6
What is the hundred thousands digit of 1596626?
5
What is the ten thousands digit of 1057952?
5
What is the tens digit of 179429?
2
What is the tens digit of 118969?
6
What is the units digit of 818988?
8
What is the millions digit of 1844205?
1
What is the hundreds digit of 656733?
7
What is the tens digit of 208661?
6
What is the ten thousands digit of 664503?
6
What is the hundred thousands digit of 437771?
4
What is the tens digit of 10403459?
5
What is the thousands digit of 5094908?
4
What is the units digit of 175634?
4
What is the ten thousands digit of 564369?
6
W